t is k(y)?
-12
Let h(t) be the first derivative of 3*t**2/2 - 8*t + 15. Calculate h(6).
10
Let c(d) = -d**2 - 6*d - 6. Let z = 9 + -5. Let n = -3 + z. Let l be ((7 - 2)/(-1))/n. What is c(l)?
-1
Let w(k) = -k**2 + 7*k - 9. Suppose 2*j = 4*j - 2. Let i be 6/j - 3/1. Suppose -3 = -y + i. Determine w(y).
-3
Let z(q) = -2*q + 1. Let j(d) = -2*d + 2. Let m(l) = 4*j(l) - 5*z(l). Calculate m(4).
11
Let m(z) = 6 + 381*z**2 - 380*z**2 - 6*z - z. What is m(4)?
-6
Let r(t) = t**2 + 7*t + 4. Let n(k) = k**3 + 16*k**2 + 16*k + 9. Let d be n(-15). Determine r(d).
-2
Let c(q) = q**3 - 5*q**2 + q - 6. Let o be (19 + 1)*(0 - -1). Suppose -s + o = -0*s. Suppose 4*t = -0*t + s. Give c(t).
-1
Let r(n) = 40*n**2 + 7*n - 88*n**2 + n**3 + 42*n**2. Calculate r(5).
10
Let v(b) be the first derivative of 0*b - 7/24*b**4 + 1/12*b**5 + 2*b**2 - b**3 + 1/120*b**6 + 3. Let o(z) be the second derivative of v(z). What is o(-6)?
0
Suppose 0 = -h - 2*v, 9 = 4*h + 3*v - 4*v. Let o be (14/6 - h)*0. Let p(k) = -3 + k**2 - 3*k**2 + k**2 - 2. Determine p(o).
-5
Let n(w) = w**2 - 5*w + 2. Let k be n(5). Let x = k - -1. Let f(z) = -z**2 + 10*z - x - 7*z + 9. Determine f(5).
-4
Suppose 3*g - 9 = -5*j + 7, -g + 8 = 3*j. Let h = 7 + -4. Suppose -g*d - d = h. Let i(w) = -2*w**2 + 1. Determine i(d).
-1
Suppose 2*j = 5*j - 18. Let x(m) = -4 - 6 + j + 6*m - m**2. Calculate x(4).
4
Let n(k) = 5 - 4 + 2 + 2*k - 4. Calculate n(6).
11
Let n be (3/(-2))/((-11)/(-44)). Let c(g) be the second derivative of g**5/20 + 7*g**4/12 + 5*g**3/6 + g**2/2 - g. Calculate c(n).
7
Let j(n) = n + 4. Suppose -47 = -0*a + 5*a + 2*i, 5*i = 3*a + 22. Let x be (-20)/6*a/6. What is j(x)?
9
Let i(k) = 6*k - 9. Let j(g) = 4*g - 6. Let u(d) = 5*i(d) - 7*j(d). Give u(7).
11
Let c(p) be the second derivative of -p**5/20 - p**4/3 + p**3/2 + 3*p**2 - 16*p. Calculate c(-4).
-6
Let p(b) be the third derivative of b**7/2520 + b**5/20 + 2*b**2. Let o(m) be the third derivative of p(m). Calculate o(-3).
-6
Let h(t) be the third derivative of -t**6/120 - t**5/12 - t**4/12 + 5*t**3/6 + 22*t**2. Determine h(-4).
-3
Let b(g) = -37*g + 15*g + 12*g. Let q = 3 - 4. Calculate b(q).
10
Let q(k) = k**3 + k - 1. Suppose -5*p + 2*p = -9. Suppose p*n - 10 = -4*d, 5*d - d - 2 = n. What is q(d)?
1
Let l(x) = -x**3 + x**2 - 3*x - 3. Suppose -5*p = -p - 12. Let v(f) = 2*f + 3*f**p + 0*f**2 - f**2 + 3 - f**3. Let c(u) = -3*l(u) - 2*v(u). What is c(-3)?
6
Let d(j) be the second derivative of -j**2/2 + 4*j. Let f(w) = w**2 + 4*w + 5. Let x(n) = -4*d(n) - f(n). What is x(-5)?
-6
Let u(s) be the second derivative of s**4/12 + 2*s**3/3 + 3*s**2/2 + 4*s. Let p be u(-3). Let q(n) = -n**3 + n**2 + n - 8. Determine q(p).
-8
Let t(o) be the first derivative of -o**2/2 - 2*o + 1. Suppose -4*a + a = 6. Calculate t(a).
0
Let u(x) = -3*x**2 - x - 1. Suppose -7*p - 1 = 6. Calculate u(p).
-3
Let m(l) be the third derivative of -l**6/120 + 7*l**5/60 - 5*l**4/24 - 7*l**3/6 - 4*l**2. What is m(6)?
-1
Let p(s) = s - 4. Let j be (15/(-6))/((-2)/4). Calculate p(j).
1
Let l(p) = -3*p - 1. Let v(i) = -2*i - 6. Let r(j) = 2*j + 7. Let m(g) = -5*r(g) - 6*v(g). Let x(u) = 4*l(u) + 7*m(u). Give x(-2).
-1
Let c(p) be the third derivative of p**5/120 - p**4/24 - p**3/3 - 6*p**2. Let r(m) be the first derivative of c(m). What is r(2)?
1
Let u(f) = -15 + 2*f**2 + 10 - 7*f**3 - 2*f + 6. Suppose 3*o + 5*l = 3, 5*o - l - 4 = 1. Give u(o).
-6
Suppose 0 = -j + 4 - 1. Let w(m) = m - 2*m**2 + m - j - 5*m. Determine w(-3).
-12
Suppose -4*y + 3*y + 3*i + 15 = 0, 2*y = -4*i - 20. Let u(z) be the third derivative of 2/3*z**3 - 1/24*z**4 + y*z + 3*z**2 + 0. Determine u(-5).
9
Let a(r) be the third derivative of -r**5/60 + r**4/24 - 8*r**3/3 + 4*r**2. Determine a(0).
-16
Suppose -5*y + 22 = -3, 2*y + 2 = 3*c. Let a(k) = -k**2 + 5*k - 4. Calculate a(c).
0
Suppose 0 = b + b - 12. Let x(t) = 8*t + 4*t - 11*t - 13. What is x(b)?
-7
Let v = -2 + 3. Let n(s) = 0 + 1 + 3*s**3 - 5*s**3 - s**3 - s. Calculate n(v).
-3
Let w(f) = 2*f**2 - 2*f + 1. Suppose 4*x - 13*x + 18 = 0. Determine w(x).
5
Let p(l) = -l**2 + 7*l + 3. Let r be 33/132 + (-27)/(-4) + 0. What is p(r)?
3
Let b(y) = 2*y**2 + 2*y + 3. Let w(g) = -g**2 - 12*g - 22. Let d be w(-10). What is b(d)?
7
Let z(j) = -j**2 + j + 1. Let q(s) = s - 1. Let w(t) = -8*t + 7. Let x(o) = 6*q(o) + w(o). Let m be -1 + 0 + 0 + 2. Let p be x(m). Calculate z(p).
-1
Let g(u) = u**3 - 4*u**2 - 3. Let r be g(4). Let m(t) be the first derivative of t**3/3 - t**2 - 4*t - 23. Calculate m(r).
11
Let q(c) = c**2 - 3*c + 6. Let s be q(0). Let n(i) = i**3 - 7*i**2 + 8*i - 5. What is n(s)?
7
Let t = 3 - 1. Let x be (2/(-4))/(t/(-28)). Suppose -z - 3 = c, -16 - x = -4*c + 3*z. Let r(m) = 2*m**2 - m - 2. Determine r(c).
4
Let n be (2/3)/(2/3). Suppose n = 5*x - 9. Let c(j) = -2*j**3 + 2*j**2 - 3*j + 2. What is c(x)?
-12
Suppose s + 19 = 3*n, -2*n = -n - 4. Let i(l) = -l**3 - 6*l**2 + 7*l - 9. Give i(s).
-9
Let u be -11 - 1/((-2)/4). Let z be 2 + (-6)/u*3. Let m(h) = -h**3 + 5*h**2 - 4*h - 4. Calculate m(z).
-4
Let h(p) = -2*p - 4*p - 1 - p + 2. Give h(1).
-6
Let y(l) be the second derivative of -l**4/12 - 2*l**3/3 - l**2/2 - l. Calculate y(-3).
2
Suppose 14 = -3*u + 2*q, 4*u - 2*q = 2*q - 20. Let n(i) = -i**2 - i - 1. Give n(u).
-13
Let y(c) be the second derivative of 0 + 2/3*c**3 - c - 1/2*c**2 - 1/12*c**4. Let q = 36 + -33. Calculate y(q).
2
Let r(d) be the third derivative of -d**5/60 - d**4/4 + d**3/2 + 8*d**2. Determine r(-6).
3
Let w(s) = s**2 + 5*s + 4. Let b be w(-3). Let h(k) be the first derivative of k**5/120 + k**3/3 - 1. Let p(z) be the third derivative of h(z). Determine p(b).
-2
Suppose 3*w = 2*w. Let p = 2 - w. Let x(m) = -2*m - 7 + p*m + 2*m. Calculate x(5).
3
Let a(p) be the third derivative of -1/6*p**3 + 0 - 4*p**2 + 0*p - 1/4*p**4 - 1/60*p**5. What is a(-6)?
-1
Let l(j) = -5*j**2 - j - 9. Let o(k) = -k**2 - 2. Let s(y) = 2*l(y) - 9*o(y). Suppose 4*z = -4*m - 10 + 2, 4*m - 4*z = -24. Determine s(m).
-8
Let k(o) = o**2 - 8*o - 3. Let j be k(9). Let x(w) = -w**2 + 5*w + 6. Determine x(j).
0
Let c(i) be the second derivative of 0 + 1/6*i**3 - 3/4*i**4 + 4*i - 1/2*i**2. Let p be 2 + -1 + 0/(-1). Determine c(p).
-9
Let p(o) = -o - 6. Suppose -2*b + 3 - 10 = d, 4*b + 21 = -3*d. Let l = -10 - d. Calculate p(l).
-3
Let m(k) = k**2 - 8*k + 8. Let f be ((-780)/(-27))/4 + (-10)/45. What is m(f)?
1
Let k(a) = a**2 + 5*a + 4. Suppose -16 = 2*s + 2*s. Let w be k(s). Let t(m) = w*m + 4 + 0 - 7 + m. What is t(4)?
1
Let x(s) = -s**2 + 6*s. Let m(t) = t + 8. Let w be m(-7). Suppose 6 = -4*b - 2*o, 4*b - 4*o - 21 - 3 = 0. Let g be (b/(-3))/(w/(-15)). What is x(g)?
5
Let a(f) = -f**2 + 1. Let w(v) = -4*v**2 + 5*v - 3. Let d(q) = 3*a(q) - w(q). Determine d(5).
6
Let p(q) = 8*q + 9*q**2 - 5*q + 3 - 6 + q**3 + 5*q. What is p(-8)?
-3
Let q(o) = -o**3 - 2*o**2 + 3*o - 4. Let i(n) = -n**2 - 2*n + 5. Suppose 5*s + 2*z = -28, 3*s + z + 4*z = -32. Let a be i(s). Determine q(a).
-4
Let z(u) = -u + 6. Let n be z(6). Let f = 9 + -7. Let o(g) = 2 + 3*g**2 + 0 - 2*g**f. Give o(n).
2
Let n(v) = -v**3 + 3*v**2 - 3*v. Let g be (6/(-10))/((-1)/5). Suppose 0 = g*l + 5*h - 4, -4*l + 14 = l + h. Calculate n(l).
-9
Let a(b) = b + 7. Let o(g) = -1. Let f(j) = a(j) + 5*o(j). Calculate f(3).
5
Let c(s) = -6*s**2 + 0 + 0. Suppose 0 = -4*p + 5*p - 1. What is c(p)?
-6
Let v(w) = -w**2 + 2*w - 1. Let y be v(3). Let g(k) = -k**2 - 2*k + 2. Determine g(y).
-6
Let r(o) = 6*o**2 + o - 1. Let p be (-2 - -1)/((-2)/(-6)). Let z = p + 4. Give r(z).
6
Suppose -4*c - c = 5*a - 45, 2*a + 5*c = 24. Let j(z) be the third derivative of z**4/24 - 13*z**3/6 - 4*z**2. Give j(a).
-6
Let w = -28 - -32. Let o(f) be the second derivative of -2*f**2 + 1/20*f**5 + 0 - 1/4*f**w - 2/3*f**3 - f. What is o(4)?
-4
Let h(v) = 2*v + 1. Let b(y) = 4 - y + 1 + 4 - 6. Let q be b(5). Determine h(q).
-3
Let t(z) be the third derivative of -z**5/60 + 7*z**4/24 - z**3 + 44*z**2 - 2*z. Suppose 4*c = 4*b + 16, -b = b. What is t(c)?
6
Let b be 8 + -2 - (-6)/(-3). Let n(y) = b*y - y**2 + y**3 - 4*y. What is n(1)?
0
Let q(j) be the second derivative of j**3/6 + 3*j**2/2 - 29*j. Determine q(-7).
-4
Let q be ((-1)/(-2))/(-1)*-2. Let p(y) = 23 - 44 + 21 - 6*y. Give p(q).
-6
Let a = 49 + -52. Let y(t) = -t**2 - t + 4. Give y(a).
-2
Let y =